reatest common divisor of 2 and b?
2
Let q(c) = -4*c**3 + c**2 + 3*c. Let y be q(2). Let v = 32 + y. What is the highest common factor of v and 90?
10
Let t = 4364 + -4236. Let y(z) = -11*z. Let v be y(-1). Suppose 0 = c - 5 - v. Calculate the greatest common factor of c and t.
16
Let h = -120 - -172. Suppose -h = -5*z + 38. Suppose -5*b + 39 - 13 = -4*a, 2*a - 8 = -b. Calculate the highest common divisor of b and z.
6
Let m be 18*3*(-6)/9. Let u be (42/4)/((-27)/m). Calculate the highest common divisor of u and 14.
14
Let w(v) = 3*v**2 - 1. Let i be w(-2). Suppose 0 = -i*d + 12*d. Suppose d = 2*n + 6*n - 432. Calculate the greatest common divisor of 36 and n.
18
Let z(u) = u**3 - 3*u**2 + 5. Let j(w) = -2*w**3 + 5*w**2 - 9. Let y(f) = -3*j(f) - 5*z(f). Let x be y(2). Calculate the highest common factor of 5 and x.
5
Let w = -1390 - -1430. Calculate the highest common factor of 16 and w.
8
Let x be (11 - 4 - 4)/3. Suppose -9 - x = -5*z. What is the highest common factor of 4 and z?
2
Suppose -8*j = -11*j + 6. Suppose 0 = -3*y - 6*i + i + 45, j*y - 5*i - 5 = 0. Calculate the highest common factor of 5 and y.
5
Let t be 12/(-22) + (-36348)/(-572). What is the greatest common divisor of 3 and t?
3
Let h be (-26 - -836)*((-21)/5 - -1). Let l be h/(-30) - 2 - 2/5. Calculate the greatest common divisor of l and 126.
42
Let x be (-4)/(-6)*(-18 - -6). Let l(r) = -6*r - 6. Let m be l(x). Suppose -5*p + 83 + m = 0. What is the highest common factor of 5 and p?
5
Let r be 205/(-35) - 2/14. Let j be ((-8)/(-6))/(r/(-9)). Suppose j*t - 170 = 120. What is the greatest common divisor of t and 29?
29
Let f(n) = 7*n**2 + 3*n + 2. Let i be f(-2). Suppose 0 = d - 2*y - 0*y + 5, 0 = -d + y. Let h = d - -3. What is the greatest common factor of i and h?
8
Let c(k) = k + 13. Let s(x) = -5*x - 52. Let z(r) = 9*c(r) + 2*s(r). Let i be z(7). Let t be (-4)/(0 + 2 + -3). What is the greatest common divisor of i and t?
2
Suppose 0 = 14*f + 69 - 209. Let a = f + 10. What is the greatest common factor of 30 and a?
10
Suppose -20*c + 1666 = -2334. What is the greatest common factor of c and 75?
25
Let o(x) = x**3 - 8*x**2 - 7*x - 16. Let h be o(9). Let l be 7/35 - (108/(-10) - 0). What is the greatest common divisor of h and l?
1
Let w(p) = 117*p + 4. Let g be w(1). Let b be (-14)/(-77) - (-194)/22. Suppose -b - 35 = -4*a. Calculate the highest common divisor of a and g.
11
Let m = 30 + 50. Let z(f) = f - 2. Let v(u) = -2*u + 4. Let w(n) = 6*v(n) + 11*z(n). Let i be w(-8). What is the highest common divisor of m and i?
10
Let o(r) = 3 + 1 + 3*r - 6. Let p be o(7). Let d be 2 + (2 - (-3 - p)). Calculate the greatest common divisor of 65 and d.
13
Let g(i) = -377*i + i**2 + 390*i + 2 + 19. Let t be g(-16). Calculate the highest common factor of t and 23.
23
Let p be (1*-6)/((-2)/28). Suppose -1 = -l + 27. What is the greatest common factor of p and l?
28
Suppose n - z = -14 + 13, -4*n + 2*z = -2. Let y be 37/2 + (-1)/2. Calculate the greatest common divisor of y and n.
2
Let k be (-136)/(-10) - 912/570. Let s be (8 - -1)*16/6. Calculate the highest common factor of k and s.
12
Suppose -131 = -3*o + 4*d, -84 + 265 = 4*o + d. Calculate the greatest common divisor of o and 180.
45
Let c = 450 + -375. Calculate the greatest common divisor of 300 and c.
75
Let g(z) be the second derivative of z**5/20 - 5*z**4/6 + 5*z**3/3 - 2*z**2 + 7*z. Let d be g(9). Calculate the highest common factor of 15 and d.
5
Suppose -60*f + 62*f = -2, -2*f + 90 = o. Calculate the greatest common factor of o and 598.
46
Let a be -2 - (0 + 0 - 167). Suppose -3*g - 9 + 207 = 3*g. What is the greatest common factor of a and g?
33
Let n be -4 + 11/(22/12). Suppose -1 = n*y - y. Let w be (y - (-18)/14)*7. What is the greatest common divisor of 8 and w?
2
Suppose 3*y + 69 = 3*p, -5*y = -p - 9 + 36. Let m = p - -44. Let j be 1 + 3/(-3) - -11. Calculate the highest common divisor of m and j.
11
Let d(p) = -13*p**2 - p. Let c be d(-1). Let w be (-3)/4*(c - -4). Let g(i) = -4*i + 42. Let m be g(0). Calculate the greatest common divisor of m and w.
6
Let f(k) = k**2 + 8*k - 1. Let c be f(-9). What is the greatest common factor of c and 1?
1
Let a(q) = -q**3 + 13*q**2 - 2*q - 10. Let s(c) = 5*c - 10. Let r be s(4). Let f be a(r). What is the greatest common factor of f and 27?
27
Suppose 8*p - 5376 = -20*p. Calculate the greatest common divisor of p and 12.
12
Let s = 5 + -1. Suppose -s*k = -36 - 124. Suppose 20 = 5*h - k. Calculate the highest common divisor of h and 48.
12
Let w be 2/(-11) - (-2)/11. Suppose 5*v - 7*v + 4 = w. Let u be (-2)/(v - (-8)/(-3)). Calculate the highest common divisor of u and 6.
3
Let q = 13 - 13. Suppose 3*h - h - 13 = a, h - 5*a + 7 = q. Calculate the greatest common divisor of h and 40.
8
Let r(g) = -17*g + 292. Let w be r(-10). What is the highest common divisor of w and 99?
33
Suppose -2*w - 2*w + t = -301, 2*w = 3*t + 143. What is the greatest common divisor of w and 38?
38
Suppose 3*x = 4*d - 67, -3*x + 82 = 5*d - 5*x. Suppose -15*t = -14*t - d. What is the highest common factor of 2 and t?
2
Let z = -12 + 9. Let w be (1*-1)/(z/(-9)). Let m be 5*(w + 81/15). Calculate the highest common divisor of m and 4.
4
Suppose -414 = -5*g + 4*t, 0 = 4*g - 3*t - 225 - 107. Calculate the highest common factor of g and 215.
43
Suppose 5*j = 3*q + 4, 3*q - 3 = 3. Calculate the greatest common divisor of 22 and j.
2
Suppose 3*y - 46*n - 172 = -42*n, -2*n + 222 = 4*y. Suppose z - 420 = -2*z. Calculate the highest common factor of y and z.
28
Let g = 88 - 38. What is the greatest common factor of g and 2?
2
Let d(h) = h**3 - 10*h**2 + 2*h - 6. Let t be d(10). Suppose 4*x = 2*k + 14, -4*x - t = 2*k - 32. Calculate the greatest common divisor of x and 12.
4
Suppose 4*i - 36 = -2*i. Let p = -73 + 85. What is the highest common divisor of p and i?
6
Let u be -2 + (-99)/(-45) - (-14)/5. Let w be (-13)/(-2) + 1/(-2). Let m(p) = -p**2 + 8*p - 3. Let a be m(w). What is the greatest common divisor of u and a?
3
Suppose -10*a + 48 = -2*a. Calculate the highest common divisor of 3 and a.
3
Let i be (4/((-8)/14))/(2/(-14)). Suppose 44*c + 135 = i*c. What is the greatest common factor of c and 189?
27
Let g be ((-186)/14)/3 - 33/(-77). Let c = g - -9. What is the highest common divisor of c and 55?
5
Let s(h) = 7*h**2 - 8*h - 14. Let o be s(-4). Suppose -4*y = y - o. Calculate the greatest common factor of 26 and y.
26
Let g be -9*(-2)/2 + -1. Let k(h) = -13*h + 3. Let d be k(1). Let m be (-878)/d + 12/60. Calculate the highest common divisor of m and g.
8
Suppose -101*u + 3321 + 104951 = 0. Calculate the highest common factor of u and 16.
16
Suppose -4*x + 6*x + v = -125, -5*x - v - 317 = 0. Let a = -59 - x. Calculate the highest common divisor of 65 and a.
5
Suppose 38 = u + 2*m, -44 = -u + 3*m - 2*m. What is the greatest common divisor of u and 196?
14
Let p(o) = 86*o - 862. Let a be p(11). What is the greatest common factor of 798 and a?
42
Let s(h) = -2*h**3 + h**2 + h - 2. Let u be s(-2). Suppose -6*t + 227 = -4*t - v, -3*t - 3*v = -327. Calculate the highest common divisor of t and u.
16
Suppose 2*o + 5*w + 29 = 0, 4*w - 8*w = 2*o + 24. Let u be (-676)/(-12) - o/(-6). Calculate the highest common divisor of u and 14.
14
Let n(y) = -y**3 + 13*y**2 - 15 - 10*y - 4*y + 4*y + 9. Let c be n(12). What is the highest common factor of 2 and c?
2
Let o be (0 + -1)*3*4576/(-66). What is the highest common divisor of 8 and o?
8
Let c(d) = 3*d - 15 - 1 + 1. Let r be 7/(-14) + (-46)/(-4). Let n be c(r). What is the highest common factor of 126 and n?
18
Let c(t) = -4*t + 8. Let u be c(-4). What is the highest common divisor of 3 and u?
3
Let i = -32 - -56. Suppose -5*a + i = a. Suppose -c - 4*h + 36 = 0, -h = a*h. Calculate the greatest common factor of c and 4.
4
Let d be (-5170)/(-44)*18/5. Calculate the greatest common factor of 27 and d.
9
Let b = -109 - -149. What is the highest common divisor of b and 30?
10
Let g(k) = -3*k**2 - 46*k + 29. Let p be g(-10). Calculate the highest common factor of p and 297.
27
Suppose -4*j - 459 + 2559 = 0. What is the greatest common factor of j and 42?
21
Suppose l = 4*a - 12, 4*l = -2*a + 13 + 11. Suppose 9 = l*t - 11. Suppose 9 = t*m - 91. Calculate the greatest common f